he remainder when 905 is divided by 65?
60
What is the remainder when 118 is divided by 31?
25
What is the remainder when 58 is divided by 7?
2
Calculate the remainder when 1846 is divided by 77.
75
What is the remainder when 3392 is divided by 25?
17
Calculate the remainder when 1723 is divided by 848.
27
What is the remainder when 567 is divided by 100?
67
Calculate the remainder when 700 is divided by 39.
37
What is the remainder when 531 is divided by 183?
165
Calculate the remainder when 215 is divided by 18.
17
Calculate the remainder when 210 is divided by 4.
2
What is the remainder when 7528 is divided by 15?
13
What is the remainder when 101 is divided by 51?
50
What is the remainder when 303 is divided by 35?
23
What is the remainder when 270 is divided by 39?
36
What is the remainder when 12 is divided by 5?
2
What is the remainder when 6049 is divided by 26?
17
What is the remainder when 88 is divided by 60?
28
What is the remainder when 287 is divided by 6?
5
What is the remainder when 64 is divided by 13?
12
Calculate the remainder when 132 is divided by 126.
6
What is the remainder when 224 is divided by 57?
53
Calculate the remainder when 2616 is divided by 20.
16
Calculate the remainder when 52 is divided by 28.
24
Calculate the remainder when 52 is divided by 41.
11
Calculate the remainder when 147 is divided by 88.
59
Calculate the remainder when 57 is divided by 44.
13
Calculate the remainder when 2614 is divided by 44.
18
Calculate the remainder when 1317 is divided by 5.
2
What is the remainder when 578 is divided by 83?
80
What is the remainder when 890 is divided by 435?
20
Calculate the remainder when 1906 is divided by 9.
7
Calculate the remainder when 18299 is divided by 10.
9
What is the remainder when 4064 is divided by 226?
222
Calculate the remainder when 815 is divided by 12.
11
Calculate the remainder when 242 is divided by 81.
80
What is the remainder when 153 is divided by 78?
75
What is the remainder when 17 is divided by 12?
5
What is the remainder when 2459 is divided by 32?
27
What is the remainder when 391 is divided by 66?
61
Calculate the remainder when 1119 is divided by 32.
31
What is the remainder when 280 is divided by 57?
52
What is the remainder when 484 is divided by 166?
152
What is the remainder when 235 is divided by 64?
43
What is the remainder when 277 is divided by 90?
7
What is the remainder when 498 is divided by 73?
60
What is the remainder when 186 is divided by 61?
3
What is the remainder when 3315 is divided by 107?
105
What is the remainder when 6571 is divided by 38?
35
What is the remainder when 275 is divided by 70?
65
Calculate the remainder when 36 is divided by 8.
4
Calculate the remainder when 1630 is divided by 102.
100
What is the remainder when 2897 is divided by 69?
68
What is the remainder when 91 is divided by 54?
37
What is the remainder when 189 is divided by 63?
0
What is the remainder when 208 is divided by 70?
68
Calculate the remainder when 310 is divided by 9.
4
Calculate the remainder when 366 is divided by 52.
2
Calculate the remainder when 1194 is divided by 7.
4
Calculate the remainder when 516 is divided by 22.
10
What is the remainder when 276 is divided by 77?
45
What is the remainder when 417 is divided by 141?
135
Calculate the remainder when 4420 is divided by 2209.
2
Calculate the remainder when 129 is divided by 13.
12
Calculate the remainder when 326 is divided by 106.
8
What is the remainder when 53453 is divided by 118?
117
Calculate the remainder when 281 is divided by 18.
11
What is the remainder when 856 is divided by 81?
46
What is the remainder when 95 is divided by 30?
5
What is the remainder when 303 is divided by 16?
15
Calculate the remainder when 163 is divided by 14.
9
Calculate the remainder when 530 is divided by 90.
80
What is the remainder when 400 is divided by 13?
10
Calculate the remainder when 286 is divided by 3.
1
Calculate the remainder when 8110 is divided by 13.
11
What is the remainder when 212 is divided by 24?
20
Calculate the remainder when 135 is divided by 23.
20
Calculate the remainder when 295 is divided by 11.
9
Calculate the remainder when 186 is divided by 45.
6
What is the remainder when 86 is divided by 63?
23
Calculate the remainder when 1213 is divided by 135.
133
What is the remainder when 596 is divided by 130?
76
Calculate the remainder when 11213 is divided by 18.
17
What is the remainder when 21193 is divided by 11?
7
Calculate the remainder when 276 is divided by 74.
54
Calculate the remainder when 2825 is divided by 28.
25
What is the remainder when 101 is divided by 17?
16
Calculate the remainder when 850 is divided by 55.
25
What is the remainder when 2830 is divided by 693?
58
What is the remainder when 153 is divided by 4?
1
What is the remainder when 23394 is divided by 60?
54
What is the remainder when 54 is divided by 29?
25
Calculate the remainder when 219 is divided by 83.
53
What is the remainder when 877 is divided by 38?
3
What is the remainder when 191 is divided by 114?
77
Calculate the remainder when 352 is divided by 10.
2
Calculate the remainder when 87 is divided by 32.
23
What is the remainder when 349 is divided by 16?
13
What is the remainder when 203 is divided by 46?
19
What is the remainder when 528 is divided by 251?
26
Calculate the remainder when 280 is divided by 94.
92
What is the remainder when 227 is divided by 213?
14
What is the remainder when 90 is divided by 36?
18
Calculate the remainder when 2308 is divided by 13.
7
What is the remainder when 9449 is divided by 63?
62
Calculate the remainder when 1412 is divided by 669.
74
What is the remainder when 507 is divided by 31?
11
What is the remainder when 1293 is divided by 188?
165
What is the remainder when 226 is divided by 27?
10
Calculate the remainder when 103 is divided by 91.
12
What is the remainder when 535 is divided by 100?
35
Calculate the remainder when 81 is divided by 81.
0
Calculate the remainder when 4683 is divided by 23.
14
What is the remainder when 1431 is divided by 72?
63
Calculate the remainder when 4398 is divided by 88.
86
Calculate the remainder when 8585 is divided by 106.
105
What is the remainder when 1224 is divided by 35?
34
What is the remainder when 416 is divided by 84?
80
What is the remainder when 792 is divided by 23?
10
What is the remainder when 146 is divided by 37?
35
What is the remainder when 7724 is divided by 21?
17
Calculate the remainder when 170 is divided by 81.
8
Calculate the remainder when 54 is divided by 16.
6
Calculate the remainder when 2104 is divided by 68.
64
Calculate the remainder when 3704 is divided by 15.
14
What is the remainder when 192 is divided by 184?
8
What is the remainder when 487 is divided by 160?
7
What is the remainder when 3965 is divided by 64?
61
What is the remainder when 5642 is divided by 209?
208
What is the remainder when 941 is divided by 50?
41
Calculate the remainder when 133 is divided by 32.
5
What is the remainder when 202 is divided by 12?
10
Calculate the remainder when 1551 is divided by 97.
96
Calculate the remainder when 1208 is divided by 110.
108
What is the remainder when 2539 is divided by 370?
319
What is the remainder when 2620 is divided by 19?
17
What is the remainder when 170 is divided by 6?
2
What is the remainder when 52493 is divided by 6?
5
Calculate the remainder when 1614 is divided by 35.
4
What is the remainder when 185 is divided by 18?
5
What is the remainder when 103 is divided by 13?
12
What is the remainder when 17663 is divided by 73?
70
Calculate the remainder when 68 is divided by 9.
5
What is the remainder when 314 is divided by 19?
10
Calculate the remainder when 222 is divided by 16.
14
What is the remainder when 9615 is divided by 23?
1
Calculate the remainder when 340 is divided by 62.
30
Calculate the remainder when 166 is divided by 30.
16
Calculate the remainder when 772 is divided by 138.
82
What is the remainder when 5695 is divided by 8?
7
What is the remainder when 162 is divided by 73?
16
What is the remainder when 284 is divided by 91?
11
Calculate the remainder when 285 is divided by 110.
65
Calculate the remainder when 3190 is divided by 8.
6
Calculate the remainder when 229 is d